) = p**3 - 6*p**2 - 35*p - 11. Determine i(10).
39
Let w(s) = -s**2 + 11*s - 16. Give w(9).
2
Let t(x) = 2*x**2 - 10*x - 9. Give t(8).
39
Let n(t) = t**3 + 2*t**2 - 3*t + 16. Calculate n(0).
16
Let p(t) = -18*t + 111. What is p(6)?
3
Let j(m) = 166*m + 661. Calculate j(-4).
-3
Let d(t) = t**3 + 21*t**2 - 22*t + 35. Give d(-22).
35
Let c(o) = 4*o - 26. Give c(6).
-2
Let x(b) = 8*b + 2. What is x(1)?
10
Let t(d) = -2*d + 46. Determine t(-16).
78
Let u(g) = -3*g**2 - 13*g - 6. Determine u(-3).
6
Let h(j) = -102*j + 1. What is h(-1)?
103
Let c(l) = l**3 + 26*l**2 + 2*l + 58. Determine c(-26).
6
Let i(r) = -3*r**2 - 24*r + 25. What is i(-9)?
-2
Let c(x) = 8*x + 76. Calculate c(-9).
4
Let l(r) = -7*r**2 - 90*r + 91. What is l(1)?
-6
Let m(y) = 4*y + 27. Give m(11).
71
Let r(y) = y**2 + 12*y + 7. Determine r(-12).
7
Let p(s) = -s**2 + 6*s - 12. What is p(6)?
-12
Let f(g) = g**3 + g**2 - 4*g - 2. Determine f(2).
2
Let v(j) = 2*j**2 + 1. What is v(4)?
33
Let g(p) = 2*p - 11. Determine g(5).
-1
Let w(d) = 9*d**2 + 5*d + 1. Determine w(-1).
5
Let o(x) = x**2 + 14*x + 13. Determine o(-13).
0
Let s(g) = 3*g - 1. Give s(-3).
-10
Let v(h) = h**2 - 4*h. Calculate v(5).
5
Let d(z) = -42*z - 1. Determine d(-1).
41
Let k(p) = 2*p - 46. Give k(-15).
-76
Let x(m) = 19*m**2 + 2*m + 3. Calculate x(-1).
20
Let k(j) = 2*j - 72. Calculate k(37).
2
Let p(x) = 2*x**2 + 65*x - 26. Give p(-33).
7
Let g(j) = 3*j**2 - 2*j - 5. What is g(-3)?
28
Let v(q) = q**2 - 35. Determine v(-6).
1
Let t(c) = -40*c**3 - 121*c**2 - 5*c - 2. Determine t(-3).
4
Let x(m) = 5*m**2 - 5*m - 5. What is x(-3)?
55
Let p(j) = j**3 + 62*j**2 - 63*j - 6. Determine p(-63).
-6
Let i(z) = -z**2 + 12*z + 47. Give i(13).
34
Let c(v) = -9*v + 339. What is c(37)?
6
Let n(s) = -s + 3. Calculate n(7).
-4
Let h(d) = -11*d - 94. Determine h(-9).
5
Let j(x) = -x**3 - 3*x**2 + 2. Calculate j(-4).
18
Let n(z) = -z**3 - 10*z**2 - 15*z + 7. What is n(-2)?
5
Let w(v) = -v**3 + 19*v**2 + v - 19. Determine w(19).
0
Let k(g) = -2*g - 44. Determine k(-13).
-18
Let q(v) = -v**2 - 12*v - 14. Give q(-10).
6
Let u(j) = 9*j - 68. What is u(7)?
-5
Let f(d) = -11*d**3 - d**2 + 9*d - 5. What is f(2)?
-79
Let s(g) = -g**3 - 7*g**2 - 11*g - 7. Give s(-7).
70
Let u(o) = -2*o**3 - 3*o**2 + o + 5. Calculate u(-3).
29
Let a(c) = -c**3 - 3*c**2 + 4*c + 3. What is a(-3)?
-9
Let q(h) = h**3 + 9*h**2 - 11*h - 2. Give q(-10).
8
Let d(f) = -9*f + 141. Calculate d(16).
-3
Let l(x) = -2*x**2 - 12*x - 11. What is l(-1)?
-1
Let o(k) = k**2 - 39*k - 173. Give o(43).
-1
Let z(f) = -f**2 + 22*f + 158. What is z(-6)?
-10
Let j(d) = -3*d**2 + d - 1. Give j(3).
-25
Let h(o) = -2*o**3 + 27*o**2 - 11*o - 4. Give h(13).
22
Let w(l) = -l**3 + 11*l**2 - 10*l + 7. Determine w(10).
7
Let r(y) = -104*y + 809. Give r(8).
-23
Let o(g) = g**2 - 2*g - 34. Give o(6).
-10
Let s(u) = -2*u**2 + 15*u + 35. Give s(-3).
-28
Let u(c) = -10*c + 29. What is u(5)?
-21
Let r(m) = 4*m + 4. What is r(-8)?
-28
Let l(j) = 3*j**2 - 11*j - 3. Calculate l(4).
1
Let f(y) = y**2 + 17*y - 4. Give f(-18).
14
Let s(c) = -c**3 - 8*c**2 + 4*c + 9. Give s(-9).
54
Let g(t) = -3*t + 4. Determine g(2).
-2
Let r(f) = -5*f - 1. Give r(-7).
34
Let a(i) = -i**2 - 22*i - 30. What is a(-14)?
82
Let s(a) = 2*a - 12. Determine s(0).
-12
Let n(g) = -2*g**2 + g + 11. Determine n(0).
11
Let d(q) = -q**3 + 3*q**2 - 8*q - 1. What is d(2)?
-13
Let x(s) = -s**3 + 7*s**2 + s + 5. What is x(7)?
12
Let b(r) = -2*r**3 + 18*r**2 - r + 19. Give b(9).
10
Let z(t) = -2*t - 14. Give z(-10).
6
Let j(r) = -r**3 - 47*r**2 - 51*r - 204. Give j(-46).
26
Let o(n) = n**2 + 18*n + 8. What is o(-16)?
-24
Let r(y) = -y**3 + 7*y**2 + 3*y + 13. What is r(6)?
67
Let w(j) = j - 15. Calculate w(11).
-4
Let b(w) = -w**3 + 4*w**2 - 17. What is b(6)?
-89
Let f(k) = k**3 - 11*k**2 + k - 2. Calculate f(11).
9
Let h(l) = -2*l + 48. Give h(14).
20
Let m(y) = 4*y + 11. Give m(5).
31
Let b(o) = -o**3 - 7*o**2 - 9*o - 4. Calculate b(-4).
-16
Let v(y) = 2*y - 31. What is v(19)?
7
Let a(n) = -n**3 + 5*n**2 - 6*n + 2. What is a(4)?
-6
Let z(y) = -y**3 - 3*y**2 + 1. What is z(-4)?
17
Let x(a) = a**3 - 2*a**2 - 3*a + 8. What is x(-5)?
-152
Let g(p) = 213*p**2 - 12*p - 12. Calculate g(-1).
213
Let b(l) = l**2 - 2*l - 14. Determine b(-4).
10
Let i(x) = -10*x**2 - 3. Give i(2).
-43
Let f(w) = -w**3 - 7*w**2 - 2*w + 4. Determine f(-4).
-36
Let o(f) = f**3 - 11*f**2 + 23*f - 19. Calculate o(10).
111
Let g(y) = y**3 - 28*y**2 - 28*y - 26. Give g(29).
3
Let a(n) = -4*n - 55. What is a(-11)?
-11
Let b(m) = -16*m + 31. Determine b(5).
-49
Let i(d) = -12*d + 1. Give i(3).
-35
Let u(p) = p**3 + 4*p**2 + 2*p - 3. What is u(-2)?
1
Let y(k) = k**2 - k + 19. Determine y(0).
19
Let r(l) = l**3 - 8*l**2 - 10*l + 8. What is r(9)?
-1
Let m(a) = -2*a - 26. What is m(-10)?
-6
Let n(q) = -3*q - 7. Give n(-12).
29
Let q(p) = -p**2 - 18*p - 9. Calculate q(-18).
-9
Let r(z) = z**2 - 25*z + 91. What is r(20)?
-9
Let b(n) = -n**2 + 5*n. Give b(5).
0
Let i(h) = h**3 + 7*h**2 - 4*h + 34. Calculate i(-8).
2
Let g(b) = 8*b - 124. Calculate g(17).
12
Let p(g) = -g + 26. What is p(-15)?
41
Let d(p) = 2*p**3 + 22*p**2 + 2*p + 17. Give d(-11).
-5
Let o(l) = 6*l**2 + 3*l - 2. Calculate o(-2).
16
Let z(s) = -5*s - 49. Calculate z(-10).
1
Let s(v) = v**3 + 10*v**2 + 11*v + 13. Determine s(-9).
-5
Let u(c) = -c**3 + 10*c**2 + 26*c - 10. Calculate u(11).
155
Let j(p) = 5*p**2 + p - 2. Give j(1).
4
Let t(v) = 11*v + 21. Give t(-5).
-34
Let k(b) = 2*b + 13. Give k(4).
21
Let r(l) = 2*l**3 + 2*l**2 - l + 1. Determine r(-3).
-32
Let l(g) = 10*g**2 - 12*g + 6. What is l(3)?
60
Let w(r) = -8*r + 62. Calculate w(5).
22
Let q(h) = h**3 - 2*h**2 - 5*h - 12. Calculate q(5).
38
Let l(j) = -j**3 + 13*j**2 + j - 15. Give l(13).
-2
Let m(j) = j**3 - 3*j**2 - 5*j + 2. Determine m(5).
27
Let y(r) = -r**2 - 5*r + 1. Give y(-3).
7
Let r(p) = -p**3 - 3*p**2 - 10*p - 26. Give r(-4).
30
Let o(r) = r**2 - r + 4. What is o(0)?
4
Let k(d) = -6*d**2 - 8*d + 3. What is k(-2)?
-5
Let l(r) = -r**3 + 5*r**2 + 4*r + 1. Give l(6).
-11
Let g(h) = 22*h - 109. Calculate g(5).
1
Let o(f) = f**3 - 5*f**2 - 21*f - 21. Calculate o(8).
3
Let q(b) = b**3 - 17*b**2 + 19*b + 17. What is q(16)?
65
Let a(s) = -s**3 + 5*s**2 + 9*s - 13. Calculate a(6).
5
Let u(n) = n**2 - 20*n + 97. Give u(8).
1
Let d(p) = -p**3 - 9*p**2 + 11*p - 9. Give d(-10).
-19
Let d(m) = m**3 - 7*m**2 - m + 7. Calculate d(7).
0
Let z(o) = 7*o**3 - o - 1. Determine z(-1).
-7
Let b(v) = -v**3 - 9*v**2 - 9*v - 5. Give b(-8).
3
Let d(x) = x - 10. What is d(3)?
-7
Let w(k) = 5*k + 73. Give w(-14).
3
Let d(j) = j**2 + 10*j - 15. Give d(-11).
-4
Let q(x) = -x**3 - 4*x**2 - 3*x - 35. Give q(-5).
5
Let q(t) = -6*t - 3. Calculate q(-6).
33
Let c(p) = 68*p + 78. Determine c(-2).
-58
Let f(y) = y + 3. Determine f(0).
3
Let u(i) = 2*i**2 - 15*i - 120. Calculate u(-5).
5
Let m(q) = -q**3 + 14*q**2 - 16*q - 96. What is m(12)?
0
Let p(j) = -3*j + 17. What is p(1)?
14
Let k(g) = -5*g**3 - g**2 + 2*g. Determine k(-2).
32
Let d(t) = -t - 24. Give d(-8).
-16
Let f(k) = -k**3 + 12*k**2 - 20*k - 26. What is f(10)?
-26
Let y(l) = l - 12. What is y(5)?
-7
Let w(p) = p**2 + 9*p - 54. Give w(-13).
-2
Let f(b) = b**3 - b**2 - 7*b - 3. Calculate f(-2).
-1
Let m(a) = -6*a - 53. What is m(-10)?
7
Let z(d) = 47*d**2 - 4*d - 2. What is z(-1)?
49
Let k(y) = 21*y - 33. Determine k(7).
114
Let b(c) = -c**3 - c**2 + c + 5. What is b(0)?
5
Let u(o) = o**2 - 19*o + 15. Determine u(14).
-55
Let o(b) = b**3 - 2*b**2 - 11*b - 16. What is o(6)?
62
Let k(j) = 41*j + 3. What is k(-2)?
-79
Let g(n) = 2*n - 3. Determine g(6).
9
Let o(j) = -j**2 + 26*j - 47. Determine o(23).
22
Let x(j) = -14*j - 26. Calculate x(-1).
-12
Let r(n) = n**3 + 9*n**2 - 10*n - 11. Calculate r(-10).
-11
Let w(k) = -6*k + 159. Determine w(25).
9
Let y(o) = -o**3 + 16*o**2 - 18*o + 31. What is y(15)?
-14
Let u(t) = 16*t**3 + t**2 + 3*t + 3. Give u(-1).
-15
Let u(s) = s**3 + 6*s**2 - 2*s - 10. Determine u(-7).
-45
Let j(s) = 5*s**3 + 4*s**2 - s + 1. Give j(-3).
-95
Let c(k) = -50*k - 4. Give c(2).
-104
Let m(v) = v**3 + 8*v**2 + 11*v - 6. Calculate m(-5).
14
Let f(l) = l - 29. Calculate f(8).
-21
Let n(t) = -7*t + 5. Determine n(11).
-72
Let b(w) = 2*w**3 + 2*w - 3. Give b(-3).
-63
Let g(d) = 4*d + 1. What is g(-14)?
-55
Le